 be (q - -3) + 8 + -1. Determine t(j).
-4
Let z(p) = -11*p**3 - 2*p**2 + 9*p - 7. Let q be (0 + 0 + -2)*-3. Let r(w) = -w**2 - 6*w**3 - 3 + w + w**3 + 3*w. Let y(m) = q*z(m) - 13*r(m). Give y(2).
-3
Let j(n) = 2*n**2 - 5*n + 1. Let k be j(3). Let p(m) = -5 + k - m**2 - 4*m + 7*m - 4*m. What is p(3)?
-13
Let j(o) = -o**3 - 12*o**2 - 19*o + 9. Let n be j(-10). Let u(h) = -5*h. Give u(n).
5
Let t(m) = -6*m - 2. Let c be -3*(-1)/(-4 + 3). Determine t(c).
16
Let x(w) = w**3 - 1 + 7 - 1 - 2. Determine x(0).
3
Let m(a) = 0*a**2 + 0*a - 1 - a**2 - a + 0*a**2 + a**3. Let s(j) = j**3 - 3*j**2 + 2*j - 3. Let n(b) = 2*m(b) - s(b). Determine n(-3).
-5
Let o = -3 + 4. Let c(w) = 22*w + 1. Let l be c(o). Suppose 0 = -s + u - 0*u + 7, -l = -2*s + 5*u. Let a(k) = -k**2 + 5*k - 1. Determine a(s).
3
Let c(r) = 6 + 3*r + 6 - 11 - 4*r. Calculate c(3).
-2
Let p(f) = 2*f - 2*f + 26*f**2 - 13*f**2. Calculate p(-1).
13
Let d(q) = 6*q + 2. Let r(o) = 7*o + 1. Let a(l) = 6*d(l) - 5*r(l). Let w = -54 + 54. Determine a(w).
7
Let n(i) = -i**3 + 6*i**2 + i - 7. Suppose d - 7 = -4*t, -2*t = -3*d - d - 8. Let g be t/((-1)/(-12)*4). Give n(g).
-1
Suppose 0 = 5*n - 4*h + 36, -2*h + 8 = 2*n + 2*h. Let s(c) = 2*c + c**2 + 0*c + 0 - 1. Give s(n).
7
Let a be 0 - (2 - (3 - 2)). Let d(n) = 5*n**2 - n. Give d(a).
6
Let y(b) be the first derivative of -1/4*b**4 + 3 - 3*b - b**2 - b**3. Let k(n) = -n**3 - 7*n**2 - 5*n + 3. Let g be k(-6). Give y(g).
3
Let h be -1 + 6/(4 - 1). Let c(k) = 9*k**3 - 2*k**2 + 1. Calculate c(h).
8
Let n(q) = 9*q - 7. Let p(k) = 19*k - 15. Let f(u) = 9*n(u) - 4*p(u). Calculate f(2).
7
Let y be (5/(-1) - 2) + 2. Let a(i) = -i. Let t(o) = 3*o - 2. Let b(q) = y*a(q) - t(q). Give b(-4).
-6
Let s(j) = j**3 + j**2 - j - 1. Let w(m) = -m - 3. Let i be w(-5). Calculate s(i).
9
Let m = -62 + 62. Let z(n) be the second derivative of m - 9/20*n**5 + 1/6*n**4 - 1/2*n**2 - n + 0*n**3. Determine z(1).
-8
Let d(r) = -6*r + 3 + 1 - 1 + r**2. Let w(l) = l - 5*l**3 - 2 + 0 + 3. Let o be w(-1). Calculate d(o).
-2
Let p(g) = -g - 7. Let a = 14 - 7. Suppose 5*b + 3*j + 35 = 0, -b + 0 = -2*j + a. Determine p(b).
0
Let k(a) = -a + 4. Suppose -37 = -5*f - 4*j, -2*f + 4*j = 2*f - 8. Let p(u) = u**2 - 2*u - 7. Let q be p(f). Let b = -4 + q. What is k(b)?
0
Let c(v) = -v - 2. Suppose -2*k - 30 = -4*m, -3*k = -m + 11 - 1. What is c(m)?
-9
Let z(f) = f**2 - 8*f - 6. Let g = -20 - -23. Suppose 6 = x + 2*v, -5*x - v + g*v + 42 = 0. Give z(x).
-6
Let j be 24/(-56) - (-93)/21. Let m(y) = y**3 - 4*y**2 - 2*y + 4. Determine m(j).
-4
Let r(z) = -8*z - 4. Let x(n) = -n. Let g(u) = -r(u) + 4*x(u). Determine g(-4).
-12
Let r(t) = t**2 - t - 2. Let h be r(2). Let s(b) = 2*b**2 + b - 1. Let w be s(1). Let f(m) = 6 + m**2 - 2*m**w + 2 + m. Calculate f(h).
8
Let l be (3/(-2))/((-3)/(-10)). Let x(o) = -2*o - 7. What is x(l)?
3
Suppose 5*s - 7 = 23. Let q be (4/s)/(8/12). Let j(k) = -k - 1. Calculate j(q).
-2
Let c(x) = -x**2 + x + 2. Suppose -9 = -4*t - 5*s, 4*t - 6*s = -s - 1. Suppose -t = -3*i + 5. Give c(i).
0
Let q(k) be the second derivative of -k**5/20 + k**4/2 + 4*k**3/3 - 4*k**2 + 11*k. Calculate q(7).
-1
Let b(k) = 2*k**2 - 3*k + 1. Let i be (-3)/6 - 5/(-2). Let z be b(i). Let n(v) = -4 + v**z - 3*v + 2*v + 2. Calculate n(2).
4
Let b(s) = -s**3 + 6*s**2 + 6*s + 8. Let h be b(7). Let z(f) = f**3 - f**2 + 1. Let n(v) = 3*v**3 - v**2 + 1. Let d(q) = -3*n(q) + 2*z(q). Determine d(h).
-7
Let v = 17 + -17. Let r(l) = l**2 + 4. What is r(v)?
4
Let z(k) = -k**2 + 11 - 9 + 5*k + k. Give z(5).
7
Let n(m) = -3*m + 1 - 5 + 5*m. Give n(5).
6
Let c(y) = -4*y**3 + 2*y - 1. Let u be (-2 + (-5)/(-3))*-3. Determine c(u).
-3
Let v(o) = -o**2 - 7*o - 6. Let j(b) = -5 + 4 + 5*b + 0*b**3 - 3 + 6*b**2 + b**3. Let z be j(-5). Calculate v(z).
6
Let w(l) = 3*l - 62. Let a be w(22). Let k(p) = -p**3 + 5*p**2 - 4*p + 1. Give k(a).
1
Suppose j = -3*f, -3*j = -j + 4*f + 4. Let o = j + 8. Let x(v) = o*v + v + v. Calculate x(1).
4
Let t(g) = g**3 + 7*g**2 - 9*g - 10. Suppose -2*x + 4*x = -16. Calculate t(x).
-2
Let c(u) be the first derivative of 1/4*u**4 - 1/2*u**2 + 7 + 4/3*u**3 + u. Determine c(-4).
5
Let i(y) = -1 - 4*y + y**2 - 11 + 5. Let c = 21 + -15. Determine i(c).
5
Let g(w) = 4*w**3 + 3*w + 1. Let i(h) = h**3 + h**2 - 1. Let l(m) = -g(m) + 3*i(m). Suppose -5*a = -0*v + v - 14, -4*v = 4. What is l(a)?
-13
Let j = 5 + -5. Suppose j = -5*g + 5*z + 10, -g + 6 = 2*g - 4*z. Let s(p) = 4*p - 2. Give s(g).
6
Let u(r) = 7*r - 11. Let s(d) = -3*d + 5. Let c(k) = -5*s(k) - 2*u(k). Let x = -6 + 10. Calculate c(x).
1
Let k(x) = 4 + x + 6 + 1. Calculate k(-6).
5
Suppose 5*d = 3*c - 16, 3 = 5*c + d - 5. Let w(z) = 9*z - 3 - 5*z**c + 0*z**2 + 4*z**2 - z. Determine w(7).
4
Let p(n) = n**3 - 3*n**2 + n. Let j be (-1 - -1)/(-2 - 0). Suppose 2*g + 14 = -2*x, -2*x = 4*g - 4*x + 4. Let q = j - g. Give p(q).
3
Let d(z) = -11*z**3 + 2*z**3 + 7*z**2 - 6*z + 8*z**3. Let m be d(6). Let i(x) = x**3 + x**2 - x + 7. Give i(m).
7
Let f = -11 - -14. Let s(r) = -r**2 + r + 4. Calculate s(f).
-2
Let y(o) be the second derivative of o**5/20 - 3*o**4/4 + o**3/6 - o**2 + 22*o. Calculate y(9).
7
Let h(m) = m**2 - m + 1. Let y = 1 - -2. Let p be (-3)/((-1)/(-3)*y). Determine h(p).
13
Let x be 2*3/(-7 + 4). Let d(j) = j**3 + 4*j**2 - 3*j - 3. Give d(x).
11
Let i(l) = -4*l + 20. Let w(c) = 3*c - 20. Let a(s) = -2*i(s) - 3*w(s). Calculate a(0).
20
Let j(f) = 2 - 3*f**2 - f**2 - 5*f + 5*f**2. Let m(z) = z**3 + 9*z**2 + 3*z - 1. Let p be m(-9). Let y = p + 31. What is j(y)?
-4
Let k(i) be the second derivative of -i**5/20 - 5*i**4/12 - i**2 - 53*i. Let c = 1 + -6. What is k(c)?
-2
Let b(w) be the first derivative of w**4/4 + w**3/3 - w**2/2 + 8*w - 11. Give b(0).
8
Let k(a) = -a**2 + 7*a. Let i be k(9). Let m = -13 - i. Let b(o) = -o**3 + 5*o**2 + 2*o - 3. What is b(m)?
7
Let u(l) be the first derivative of -1/2*l**2 + 1/3*l**3 + 0*l - 3 - 5/4*l**4. Suppose 2*i + 3*p = 8, 5*p - 8 = -i + 3*i. Determine u(i).
-5
Let x(d) = -3*d - 2. Let u be 4*(-2)/(-4) + 17. Suppose 3*g - 5*t = u, -2*t = -3*g - t - 1. What is x(g)?
4
Let r(b) = b**3 - 2*b**2 - 5*b + 3. Suppose -23*n + 21*n = -6. Give r(n).
-3
Let l(b) = 3*b**3 + 2*b**2 + 9*b - 3. Let z(g) = 2*g**3 + 2*g**2 + 8*g - 3. Let f(o) = 4*l(o) - 5*z(o). What is f(3)?
27
Let h(r) = -6*r**3 + 1. Let d be h(1). Let l = 4 - 1. Let s(u) = 6*u**2 + 2 + 6*u + 3*u**l - u**3 - u**3. What is s(d)?
-3
Let l(k) be the second derivative of -k**5/20 - k**4/3 + 5*k**3/6 - 7*k**2/2 - 2*k. Suppose -o + 4 - 2 = 0. Suppose -o*v = 17 - 7. What is l(v)?
-7
Let q(x) = x**2 - 4*x - 13. Let h(z) = -z**2 + 4*z + 14. Let i(n) = 6*h(n) + 7*q(n). Let d be (1 + 2)/(-3) + 11. Let f = -5 + d. Give i(f).
-2
Let y be 4 + 1/((-12)/38). Let u(a) be the second derivative of -2*a**2 + 1/12*a**4 + 0 + 1/20*a**5 - y*a**3 - a. What is u(-3)?
-7
Let s(q) = -q + 2. Suppose -5*w + 37 = 12. Determine s(w).
-3
Let v(i) = -2*i**2 + 3*i + 2. Let l(y) = 5*y**2 - 10*y - 6. Let w = -8 + 5. Let b(n) = w*l(n) - 8*v(n). Calculate b(-3).
-7
Let n(i) = 2*i**2 - i. Let w = -22 + 24. Give n(w).
6
Let x(i) = -3*i**2 + 9*i + 1 + 2 + 4*i**2 - 4*i. Suppose -3*j = -j + 8. What is x(j)?
-1
Suppose -5*h = -h + 4, -5*u = 2*h - 8. Suppose -2 = u*w - 4*w. Let o(z) = -z**3 - z + 1. Give o(w).
-1
Let h = -10 + 9. Let d be 5 + h - (1 - -1). Suppose -v = d*v - 3. Let r(q) = -11*q**2. Calculate r(v).
-11
Let u(q) = 2*q**2 + q + 1. Suppose -2*m - 4 = -4*z, -4*z + 7*z = -5*m + 42. Let b(x) = 3*x - 2*x - 5 + 1 - 3. Let w be b(m). Calculate u(w).
2
Let m(b) be the third derivative of -b**5/60 - b**4/4 - b**3/6 + 14*b**2. Calculate m(-6).
-1
Let a(b) = -b**3 + 6*b**2 + 6*b + 1. Let c(k) = -2*k - 9. Let v be c(-8). Let p be a(v). Let f(u) = u - 3. Determine f(p).
-9
Let j(s) = -s + 3. Let q be 2/(-2) - (-14)/2. Suppose -h + 1 = q. Calculate j(h).
8
Let r be (-5 - -1)*1*-1. Let v(l) be the second derivative of l**5/20 - l**4/3 + l**3/3 + 3*l**2/2 - 13*l. Give v(r).
11
Let i(c) = -c**3 + c**2. Let b(m) be the third derivative of -m**6/30 + m**5/30 - m**4/4 + m**3 - 3*m**2. Let j(z) = -b(z) + 5*i(z). Determine j(4).
2
Let b(v) = -6*v - v**3 - 6*v**2 - 2 + 0*v - 1. Suppose -3*i + 3*s - 16 = 2*i, 3*i - 3*s + 6 = 0. Determine b(i).
2
Let c(h) = -2*h - 7. Let r be 4/((-8)/18*39/26). What is c(r)?